v) = 226912*v - 2042193. Determine t(9).
15
Let c(x) = -30*x**2 + 3630*x + 18921. Determine c(-5).
21
Let o(m) = -6*m**2 + 97*m + 566. Calculate o(-5).
-69
Let l(b) = -69280*b + 69283. What is l(1)?
3
Let c(i) = -i**2 - 255*i - 12663. Calculate c(-67).
-67
Let s(p) = 80*p**2 + 31*p - 32. What is s(3)?
781
Let a(h) = -3*h**3 - 20*h**2 + 181*h + 55. Calculate a(-15).
2965
Let i(u) = -25*u**3 - 86*u**2 + 12*u + 3. Determine i(-4).
179
Let l(m) = -m**3 + 33*m**2 - 72*m + 2066. Determine l(32).
786
Let d(j) = 13921*j + 55922. What is d(-4)?
238
Let x(w) = -3*w**3 - 11*w**2 + 39*w - 46. What is x(5)?
-501
Let p(i) = 147*i**3 + 907*i**2 - 3*i + 31. Give p(-6).
949
Let z(w) = -w**3 + 70*w**2 + 529*w - 5542. What is z(76)?
6
Let c(d) = 290*d**3 + 2*d**2 - 70*d + 67. Calculate c(1).
289
Let c(v) = -6*v**3 - 209*v**2 + 55*v - 488. Determine c(-35).
-1188
Let y(d) = d**3 + 40*d**2 - 1254*d - 47448. Give y(-44).
-16
Let w(l) = 2*l**2 + 8*l - 401. What is w(-20)?
239
Let h(b) = 2*b**3 + 152*b**2 - 11*b - 638. What is h(-76)?
198
Let n(x) = -x**2 + 800*x - 37448. Give n(51).
751
Let p(g) = g**3 - 17*g**2 - 84*g - 254. Give p(21).
-254
Let c(t) = -2*t**3 + 849*t**2 + 13634*t + 2625. What is c(440)?
-15
Let v(n) = -2*n**3 - 31*n**2 - 71*n - 1387. What is v(-16)?
5
Let k(c) = 12*c**2 - 3010*c - 34538. Calculate k(-11).
24
Let u(d) = 323*d + 28475. Determine u(-88).
51
Let s(p) = 17510*p - 105059. What is s(6)?
1
Let y(k) = k**2 - 1082*k + 29275. Calculate y(28).
-237
Let f(x) = 105*x**3 + 2313*x**2 + 75*x + 123. What is f(-22)?
-75
Let y(q) = -92*q + 1103. Determine y(7).
459
Let s(h) = 234*h + 1034. Give s(1).
1268
Let h(j) = 7*j**2 + 7241*j - 40567. Determine h(-1040).
-7
Let n(c) = 6*c**3 - 7*c**2 - 309*c + 26. Calculate n(8).
178
Let z(x) = 481*x**2 + 11546*x + 12. Calculate z(-24).
-36
Let z(t) = -2*t**3 + 3*t**2 - 950*t + 3886. Determine z(4).
6
Let p(l) = -624*l - 7008. What is p(-13)?
1104
Let u(p) = -57*p**2 + 793*p - 2360. What is u(3)?
-494
Let g(u) = u**2 + 1303*u - 29072. Give g(22).
78
Let m(h) = -9*h**3 - 430*h**2 + 96*h + 3. Calculate m(-48).
3
Let b(i) = i**3 + 270*i**2 - 280*i - 1861. What is b(-271)?
578
Let o(t) = -218*t**2 + 2820*t + 248. Calculate o(13).
66
Let p(z) = 3*z**2 - 145*z - 9793. What is p(86)?
-75
Let p(v) = 3*v**3 + 14*v**2 + 6*v - 35. What is p(-2)?
-15
Let d(g) = 447*g - 244913. What is d(548)?
43
Let s(f) = 151*f**2 - 3558*f - 238. Calculate s(24).
1346
Let t(y) = -7*y**2 + 1016*y + 3309. Determine t(-3).
198
Let z(a) = -a**2 - 7912*a + 1242171. Determine z(154).
7
Let k(m) = 89798*m - 89789. Determine k(1).
9
Let y(n) = -n**3 + 30*n**2 + 2662*n - 76183. Determine y(28).
-79
Let t(k) = 10878*k - 97952. What is t(9)?
-50
Let y(q) = -q**3 + 1731*q**2 + 19162*q + 28. What is y(-11)?
28
Let u(z) = -50*z**2 + 7998*z + 308. What is u(160)?
-12
Let c(z) = 1208*z + 183. Give c(0).
183
Let t(l) = -51882*l + 466923. Calculate t(9).
-15
Let y(q) = 2*q**2 + 56*q + 263. Calculate y(-9).
-79
Let k(a) = -a**3 + 54*a**2 + 417*a - 267. Determine k(61).
-877
Let b(t) = 7*t**3 + 15*t**2 + 88*t + 365. Calculate b(-5).
-575
Let z(f) = 653*f - 231062. Calculate z(354).
100
Let r(l) = -10285*l - 51434. Give r(-5).
-9
Let b(g) = -5*g**3 + 77*g**2 - 87*g - 67. Calculate b(11).
1638
Let b(y) = 52670*y - 474028. What is b(9)?
2
Let q(i) = 2*i**3 - 59*i**2 - 216*i - 3056. What is q(34)?
4
Let b(h) = -155*h - 7843. What is b(-52)?
217
Let t(p) = 466*p + 104383. Give t(-224).
-1
Let s(c) = 90766*c + 455118. Determine s(-5).
1288
Let q(t) = 50183*t - 3261914. Give q(65).
-19
Let i(l) = 10*l**3 + 98*l**2 - 950*l - 1. Determine i(6).
-13
Let t(y) = y**3 - 149*y**2 + 1738*y + 369. What is t(13)?
-21
Let n(b) = 419242*b + 5869382. Calculate n(-14).
-6
Let k(m) = 6*m**3 - 82*m**2 - 25*m - 135. Calculate k(14).
-93
Let b(j) = 2*j**3 + 65*j**2 + 525*j + 74. Determine b(-15).
74
Let o(d) = 56264*d - 4050983. Give o(72).
25
Let l(d) = d**2 - 684*d + 77357. Calculate l(143).
-6
Let q(p) = -874470*p - 4372348. What is q(-5)?
2
Let c(x) = x**3 - 16*x**2 - 227*x - 181. Calculate c(-8).
99
Let t(x) = -403*x + 40300. What is t(100)?
0
Let h(t) = -1484*t + 11082. Calculate h(9).
-2274
Let l(j) = 2643*j**2 + 436093*j - 330. Give l(-165).
0
Let l(p) = 2220*p - 1385267. What is l(624)?
13
Let w(j) = j**3 - 67*j**2 + 67*j - 16. Determine w(66).
50
Let t(g) = 17102*g + 118850. Determine t(-7).
-864
Let b(l) = -l**3 - 57*l**2 + 755*l - 45. Determine b(0).
-45
Let a(g) = g**3 + 249*g**2 - 2058*g - 532. Determine a(-257).
-18
Let g(m) = 3*m**3 - 94*m**2 - 269*m + 3455. Give g(33).
23
Let x(r) = 167*r - 21082. Give x(126).
-40
Let q(j) = 24*j - 225. Determine q(19).
231
Let k(v) = 14*v**3 - 663*v**2 - 961*v + 25398. What is k(48)?
6
Let p(x) = x**3 + 162*x**2 - 1553*x + 84. Give p(9).
-42
Let p(f) = -f**2 - 147*f - 4932. Determine p(-77).
458
Let r(n) = -n**3 - 2*n**2 + 68*n - 59. Determine r(7).
-24
Let i(c) = -2*c**3 - 81*c**2 - 86*c + 101. Determine i(-39).
-1108
Let h(z) = -z**3 + 198*z**2 - 6235*z - 66655. Give h(155).
-5
Let i(v) = -v**2 + 73344*v - 5787930. What is i(79)?
5
Let q(k) = 1154*k + 24444. Give q(-20).
1364
Let n(x) = x**3 + 152*x**2 + 5449*x - 4241. What is n(-60)?
19
Let f(w) = 4*w**2 - 4199*w - 25281. Calculate f(-6).
57
Let o(d) = d**3 - 153*d**2 + 5753*d - 994. Give o(87).
-37
Let q(u) = 3073*u - 117104. Give q(38).
-330
Let q(f) = 35974*f + 21152716. Give q(-588).
4
Let f(z) = 2658*z - 15824. What is f(6)?
124
Let f(v) = 5*v**2 + 546*v + 14803. Give f(-59).
-6
Let m(b) = 3*b**3 - 13*b**2 + 142*b - 513. Determine m(4).
39
Let c(p) = -p**3 + 5554*p**2 - 154743*p + 410. Give c(28).
-10
Let w(g) = 2*g**2 + 82*g + 822. Calculate w(-24).
6
Let c(k) = 3*k**2 - 97*k - 725. What is c(-9)?
391
Let j(b) = 2*b**3 - 117*b**2 + 188*b - 990. What is j(57)?
-21
Let c(a) = -4337*a + 1752191. Calculate c(404).
43
Let v(d) = -13*d**3 - 29*d**2 + 12249*d + 24497. Calculate v(-2).
-13
Let c(z) = 18*z**2 - 2570*z + 2002. Determine c(142).
14
Let g(l) = -25*l**2 - 1101*l - 92. Calculate g(-45).
-1172
Let r(t) = -t**3 - 22*t**2 + 16*t - 211. Give r(-23).
-50
Let r(k) = 13*k**3 + 4481*k**2 - 1419*k - 13461. What is r(-345)?
-6
Let d(h) = -60*h**2 - 41*h - 276. Determine d(-6).
-2190
Let n(y) = -y**3 - 44*y**2 - 179*y + 1815. Give n(-38).
-47
Let t(y) = -12273*y - 49086. What is t(-4)?
6
Let c(q) = 1106*q + 75259. What is c(-68)?
51
Let n(g) = g**2 + 111*g - 21912. Determine n(101).
-500
Let n(u) = -2*u**3 + 148*u**2 - 1378*u - 689. Determine n(63).
-185
Let r(w) = 3*w**2 - 9705*w - 73. Calculate r(0).
-73
Let l(r) = 3*r**3 - 33*r**2 - 47*r + 48. Calculate l(-2).
-14
Let w(s) = 54127*s - 1515550. Give w(28).
6
Let r(a) = -157104*a - 4713146. Give r(-30).
-26
Let w(z) = -4296*z**2 - 38*z + 3. Calculate w(-1).
-4255
Let j(s) = 12*s**2 - 271*s - 39. Give j(0).
-39
Let h(b) = -3*b**3 - 267*b**2 + 4864*b - 18483. Determine h(-105).
-3
Let m(i) = -26036*i - 25927. Determine m(-1).
109
Let m(a) = -49*a**3 + 56*a**2 - 12*a - 21. Give m(4).
-2309
Let l(u) = -u**3 + 29*u**2 + 886*u + 1084. Give l(48).
-164
Let n(x) = x**3 + 20*x**2 + 116*x + 14. Determine n(-9).
-139
Let n(m) = -171673*m - 686748. What is n(-4)?
-56
Let z(o) = -4*o**2 - 643*o - 4103. What is z(-154)?
55
Let c(h) = -19*h**2 - 206*h - 509. What is c(-7)?
2
Let q(k) = -k**3 + 222*k**2 - 1901*k - 677. Calculate q(213).
2731
Let m(q) = q**3 + 47*q**2 + 466*q + 27620. Give m(-49).
-16
Let i(n) = 3*n**2 - 250*n + 2236. Give i(71).
-391
Let x(g) = -g**3 + 8*g**2 + 301*g - 2145. Determine x(7).
11
Let t(p) = -55*p - 6076. What is t(-121)?
579
Let x(f) = 65973*f - 461824. What is x(7)?
-13
Let a(l) = l**2 + 593*l - 96548. Calculate a(133).
10
Let l(t) = -326*t**2 - 626*t + 2. Give l(-1).
302
Let y(w) = 1252*w - 73724. Give y(59).
144
Let y(c) = -1610*c + 37091. Give y(23).
61
Let m(k) = 55*k**2 + 2635*k + 11609. Determine m(-43).
-1
Let q(a) = -a**3 + 158*a**2 + 5212*a + 139. Calculate q(-28).
27
Let x(h) = 2*h**2 + 8262*h + 367741. Give x(-45).
1
Let h(a) = 3*a**2 + 2546*a + 415767. Calculate h(-628).
31
Let x(s) = -s**3 - 106*s**2 - 550*s - 24823. Determine x(-103).
0
Let n(s) = 9*s**2 - 2818*s - 31726. Calculate n(324).
26
Let l(k) = -k**2 + 1402*k - 46767. What is l(34)?
-255
Let o(d) = 2*d**3 - 134*d**2 + 1137*d + 88. Deter